te k(2).
5
Let g(t) = -t**3 + 6*t**2 - 5*t + 5. Let i(x) = -x**2 + 10*x + 7. Let l be i(11). Let w be (-1 - l)/((-9)/(-15)). Calculate g(w).
5
Suppose -13 = -4*j + f, -j - 3 = 4*f - 2. Suppose 4*h = 5*t - 6, 3*t + 0 = h + 5. Let x(q) = -2*q**t + 0 + q**2 + 4*q + j. Give x(5).
-2
Suppose -2*g - 30 = 3*g. Let n(l) = -3. Let b(q) = q - 16. Let c(y) = 2*b(y) - 11*n(y). Determine c(g).
-11
Let i(c) = -5*c - 1. Let a(w) be the first derivative of -w**2/2 + 3. Let j be a(-4). Suppose 0 = -j*n + 5 - 1. Determine i(n).
-6
Let k(c) be the second derivative of c**6/360 + c**5/24 - 5*c**4/24 - c**3/2 - 2*c. Let g(y) be the second derivative of k(y). Calculate g(-5).
-5
Let q(z) = -13*z - 5 + 23*z - 11*z. What is q(5)?
-10
Let m(u) be the third derivative of u**5/60 + u**3/6 + 10*u**2. Determine m(2).
5
Let w be 8 + -2 - (4 + -1). Let p(k) = 6*k**w - 2*k**3 - k + 0*k. What is p(-1)?
-3
Let b(c) = 3*c + 12. Let j(l) = -4*l - 12. Let u(a) = -3*b(a) - 2*j(a). Calculate u(-9).
-3
Let w be (-1*3)/(-3)*1. Let m(k) be the first derivative of -2*k**3 + k**2/2 + 2. Give m(w).
-5
Let i(l) = -3*l**2 - 3*l - 2. Suppose 0 = -r + 4*r + 18. Let g = r + 8. Suppose 2*m - g = -6. What is i(m)?
-8
Let q(y) = 6*y**3 - y**2 + y - 1. Suppose 0 = 5*h - 111 + 21. Let x = h + -13. Suppose 3*w + x*j = 23, w = -2*j + 8 + 1. Give q(w).
5
Let v(m) = -4*m - 2. Suppose -d = d - 6. Suppose d*p - 8*p = -15. Suppose 8 = p*z + z. Determine v(z).
-10
Let y(a) = -2*a**3 + a**2 + a - 1. Let d(g) = g**2 + 3*g - 3. Let m be d(-4). Calculate y(m).
-1
Let b(a) be the first derivative of -a**2 + 2*a - 5. Give b(4).
-6
Let l(k) = -k**2 + 1. Let j be l(2). Let w = j - -1. Let u(g) = g**3 + 3*g**2 - g - 2. Determine u(w).
4
Let s(o) = -1 + 8*o**2 + o - 2*o**2 - 10*o**3 - 5*o**2. What is s(1)?
-9
Let a(j) = -5*j**2 + 4*j - 8. Let x(o) = 3*o**2 - 2*o + 4. Let z(f) = -4*a(f) - 7*x(f). Calculate z(-3).
1
Let z = -1 + 1. Suppose z = y + 3*y - 8. Let m(d) = y + 5*d**2 + 0 - 1. Give m(-1).
6
Suppose 2*c = -5*y - 30, -5*c + 9 + 21 = -5*y. Let z(x) = x + 6. Give z(y).
0
Let g(u) = -u**3 - 3*u**2 + u + 4. Suppose 2*x + 5*i - 26 = 0, 4*x - 2*i = -i + 74. Suppose 2*r = -r + x. Suppose 0*y + r = -2*y. Calculate g(y).
1
Suppose 2*u + 12 = 4*y, -4*u + 30 = 4*y + 6. Let n = -1 + u. Let x(l) = -14*l**2 + l - 1. What is x(n)?
-14
Let b = 5 - 5. Let u(x) = -22 - x - 16 - 19 + 59. Determine u(b).
2
Let l(s) = s + 2. Let a(n) = n + 1. Let d(v) = 4*a(v) - 5*l(v). What is d(-6)?
0
Let k(l) = l - 4. Let v(m) = 2*m**2 + 9*m + 8. Let h be v(-6). Let z = h + -26. Give k(z).
-4
Suppose -4*g + 8 = 2*i - 4, 5*g + 3*i - 16 = 0. Let n(a) = 10 - 13 + 10 - g*a. Give n(6).
-5
Let n = -16 + 10. Let u be ((-2)/n)/(2/(-30)). Let p(k) be the third derivative of k**4/12 + k**3 - k**2. What is p(u)?
-4
Let m(p) = p**3 + 7*p**2 + p + 3. Let r be -1 + 12/(1 - 3). Calculate m(r).
-4
Let y(c) = c**2 + 4*c - 1. Let u(i) = -i. Let h(f) = -2*u(f) - y(f). Let z = 6 - 5. Give h(z).
-2
Let i(m) = -m - 4*m - 2 + 4*m. Let u be (-3)/(-9)*-1*-12. Let v be u/(-4)*(-2 - -6). Determine i(v).
2
Let r(z) be the third derivative of 0 - 1/24*z**4 + 3*z**2 + 1/2*z**3 + 0*z. Determine r(3).
0
Let h = -58 - -55. Let p(x) = x. What is p(h)?
-3
Let s(x) be the second derivative of -3/2*x**2 - x + 0 + 2/3*x**3. Determine s(2).
5
Let n(r) = -r**2 - 4*r - 9. Let w(o) = -1. Let d(f) = -n(f) + 6*w(f). Determine d(-2).
-1
Let a(b) be the third derivative of b**5/60 + b**4/12 + b**3/3 + b**2. Let o be a(-2). Let q(d) = 2*d**3 - 3*d**2 + d - 1. Calculate q(o).
5
Let b(h) = -h**2 - 5*h - 3. Let r = -8 - -8. Suppose r*y - 3*y = 0. Suppose 3 = -m - y*m. Give b(m).
3
Let m(p) = -p**2 - 9*p - 10. Let c be m(-7). Let f(j) = -j**3 + 0*j**3 + 3*j**2 - c + 4*j - 2*j. Let l(s) = -s - 10. Let i be l(-13). Give f(i).
2
Let f = -2 + -1. Let i be (-4)/(2/f - 0). Let a(r) = r**3 - 6*r**2 - 3. Determine a(i).
-3
Let z be (30/(-9))/2*-3. Let m(s) = z*s - 1 - 2*s + 2 + s. Give m(-1).
-3
Let o(m) = -5 - m + 9 - 3. Let j(n) = n**2 - 2*n - 1. Let t = -3 - -2. Let g(r) = t*o(r) + j(r). What is g(3)?
4
Let o(m) = 5*m**3 - 12. Let p(t) = 4*t**3 - t**2 + t - 11. Let k(d) = 5*o(d) - 6*p(d). Suppose h + 8 = 1. Give k(h).
-1
Let x(f) = -f**3 + 21*f**2 - 19*f - 21. Let l be x(20). Let g(o) = -o**3 - o**2 + o. Let s(z) = 7*z**3 + 2*z**2 + 1. Let u(h) = g(h) + s(h). What is u(l)?
-5
Let i(b) = b**2 - 7*b + 3. Suppose 4*m - 13 - 7 = q, 0 = -4*m - 3*q + 36. Give i(m).
-3
Let v be (-7)/4 + (-3)/12. Suppose 2*k + 0*k + 10 = 0. Let n = k - v. Let s(f) = -f**3 - 3*f**2 - 2. What is s(n)?
-2
Let h(w) be the second derivative of 0*w**2 + 2*w - 1/120*w**5 + 0 + 1/360*w**6 + 0*w**3 + 1/6*w**4. Let y(m) be the third derivative of h(m). Determine y(-2).
-5
Let r(w) = -w**3 + 3*w**2 + 2*w + 9. Let b be r(4). Let j(n) be the third derivative of -n**5/20 - n**4/12 + n**3/6 - n**2. What is j(b)?
-4
Let s(b) = b - 3. Let k be 3/(6/(-4)) - -12. Suppose -y = -5*c + 2*c - k, c - 20 = -3*y. Let v = y - 4. Give s(v).
0
Suppose 2*n + 4*h - 180 = -3*n, 36 = n - 4*h. Suppose d + 2*d - n = 0. Let v be 1/(-2) - (-18)/d. Let p(y) = -7*y**2 - y + 1. What is p(v)?
-7
Let q be (-2)/(-5) - 102/30. Let z(l) be the second derivative of l**3/2 - 2*l**2 - l. Let f(k) = k**2 - 3*k + 4. Let c(a) = -2*f(a) - 3*z(a). What is c(q)?
-5
Let n(h) = -9*h**2 + 20*h - 13. Let s(m) = 4*m**2 - 10*m + 7. Let g(l) = 3*n(l) + 7*s(l). Calculate g(8).
-6
Let a = -6 + 7. Let f(q) be the first derivative of q**2 - 2. Determine f(a).
2
Let h(b) = -b**3 - 4*b**2 + 3*b + 5. Suppose 8 = l + 4. Suppose 3*y - 4*d + 6 + 4 = 0, l*y + 5*d = -65. Let m = y - -6. Calculate h(m).
-7
Let c(d) = d**2 + 7*d - 1. Let k(q) = -q**2 + 2*q + 3. Let n be k(4). Calculate c(n).
-11
Let g = 1 - -2. Let t(p) be the second derivative of -p**3/6 - 18*p. Give t(g).
-3
Let v(x) = x + 3. Let y be -14*1/(-2) - 2. Suppose y*s + 5 = -10. What is v(s)?
0
Let r = -5 + 10. Let p(y) = -5*y + 9*y - y - 4. What is p(r)?
11
Let q(y) = -9*y + 3*y + 5*y**2 + 3*y**2 + 7*y. Give q(1).
9
Let p(a) = -a + 2. Let b be 2 + -1*(-1 + 5). Give p(b).
4
Let d = 3 - 1. Let p = -6 + 4. Let o be (-12)/d*p/3. Let l(m) = m**3 - 4*m**2 - 2*m + 2. Calculate l(o).
-6
Let x(w) = -w**2 - 4*w + 7. Let r be -14*((-9)/6 + 1). Let h = 2 - r. Give x(h).
2
Let w(r) = -r**3 - r**2 - r - 4. Let b be w(0). Let t be (-22)/(-26) + 8/(-156)*-3. Let y = t - b. Let s(g) = -2*g + 7. What is s(y)?
-3
Let f be ((-8)/3)/2*3. Let n(d) = -d**3 - 5*d**2 - 2*d + 5. Give n(f).
-3
Let m(x) be the second derivative of -x**3/6 + 3*x. Let q(c) = c**2 - 6*c + 3. Let g be q(2). Let a be m(g). Let v(j) = -j**2 + 6*j - 4. Calculate v(a).
1
Suppose 0*x - 23 = -4*b - 5*x, -3*b = 5*x - 21. Suppose 0 = -m - 7 + b. Let c(q) = 0*q - q**3 - 4*q**2 - q - 5 + 5*q. Give c(m).
0
Let f(n) = n**3 + 2*n**2 + 2. Let p be f(-2). Let j(d) = -2*d**p + 2*d**2 + 0 - 1 - d**2. Give j(-3).
-10
Let t = -19 + 11. Let i = t - -6. Let y(b) = b. Let c(w) = 4*w - 2. Let q(k) = c(k) - 3*y(k). Calculate q(i).
-4
Let z = 14 - 10. Suppose 2 = -3*w - 2*l, l = z*w - 11 - 1. Suppose w*s = -s - 15. Let f(g) = 3*g + 7. Give f(s).
-8
Let a = 0 + 2. Let p(o) = -4*o**a + 0*o**3 - 2*o - o**3 + 5*o - 5. Give p(-5).
5
Let u = -64 - -58. Let r(s) = s**2 + 7*s + 2. Determine r(u).
-4
Let m be (-2 - (2 - 2))/(-2). Let q(w) = 49*w. Let y(s) = 12*s. Let i(c) = -2*q(c) + 9*y(c). Determine i(m).
10
Let f(t) = -7*t + 3. Let u(c) = c**3 + 6*c**2 - 6*c + 9. Let q be u(-7). What is f(q)?
-11
Let d = 3 + 2. Let h(x) = 1455*x**3 - 1454*x**3 - 4*x**2 - 2*x**2 + 2*x + 1. Calculate h(d).
-14
Let q(j) = j + 2. Let f(c) = -2*c**2 + 6 + c**2 - 2. Let z be f(3). Let u = 1 + z. Calculate q(u).
-2
Let p(i) be the second derivative of i**4/12 - 4*i**3/3 + i**2 + 22*i. Determine p(7).
-5
Let a(j) = j**2 + 7*j - 4. Let p(z) be the third derivative of z**5/60 - z**2. Suppose 5*c + 1 = -4. Let q(w) = c*a(w) + 2*p(w). Determine q(5).
-6
Let k(i) = 3 - i**3 + i - 78*i**2 - 2 + 80*i**2. Suppose 0 = 3*g - 3*y - 5 - 16, 0 = -g - 4*y - 13. What is k(g)?
-5
Let o(j) = -2*j + 7. Let q = -47 - -54. What is o(q)?
-7
Let t(c) = -c**3 + 8*c**2 - 8*c + 3. Let k be (-2)/10 + (-296)/20. Let q = k - -22. Determine t(q).
-4
Let f(t) = t + 1. Suppose -2*i + 16 = 4*b, -1 - 1 = -2*b. Suppose 4 = i*q - 7*q. Calculate f(q).
-3
Let o(i) = 